a02?
-2317a
In base 2, what is 10110011000001001 + -11111010?
10110010100001111
In base 13, what is -b7 - a74?
-b5b
In base 11, what is 61479 + 1566?
62a34
In base 11, what is -192818895 + 4?
-192818891
In base 4, what is -1122021 + -32220030?
-100002111
In base 5, what is 2132223 + 11142?
2143420
In base 4, what is 333010 - -2303302?
3302312
In base 7, what is 4010521 + -14?
4010504
In base 4, what is 21103 + -103122030?
-103100321
In base 2, what is -1001110000 - 100101011110101111101?
-100101011111111101101
In base 8, what is 6 + 21421405?
21421413
In base 5, what is 1214421244 - 340?
1214420404
In base 5, what is 20 - -134412112?
134412132
In base 9, what is 507 + 72081?
72588
In base 10, what is 33286 + -369?
32917
In base 9, what is 242438356 + -3?
242438353
In base 11, what is 481961946 - -1?
481961947
In base 5, what is -10 + 1133041013?
1133041003
In base 5, what is -3 + -142222440?
-142222443
In base 4, what is -3002011310 - 230?
-3002012200
In base 4, what is 11 + -10220231322?
-10220231311
In base 13, what is 5 - 115b0268?
-115b0263
In base 5, what is -2112 + 2301424?
2244312
In base 6, what is 4342 - -423042?
431424
In base 15, what is 18ee5 - -4b?
19041
In base 4, what is -1323001 - -11213?
-1311122
In base 13, what is -14400a7 + 59?
-144004b
In base 2, what is 1100000010110010101001011 - 100?
1100000010110010101000111
In base 15, what is 85c - -481?
cdd
In base 6, what is 24 + 1005121?
1005145
In base 3, what is -2122200 - -221211112?
212011212
In base 7, what is -3321 + -425626?
-432250
In base 9, what is -108301 + 6881?
-101310
In base 14, what is -39c1 - -54?
-396b
In base 11, what is -22 + 29a358a?
29a3568
In base 7, what is -214 - 151213?
-151430
In base 3, what is -12 - 1002220111021210?
-1002220111021222
In base 13, what is -7919a92 + 5?
-7919a8a
In base 4, what is -1 - -11112210123?
11112210122
In base 6, what is 4514051232 + 5?
4514051241
In base 16, what is -8ea694 - -6?
-8ea68e
In base 4, what is 1023120320 - -23002?
1023203322
In base 5, what is -311 + 204121033?
204120222
In base 10, what is 2965842 - 5?
2965837
In base 6, what is 1503 + -4044235?
-4042332
In base 13, what is -247 - -57665?
5741b
In base 4, what is 1 - -32123311110?
32123311111
In base 13, what is -c0ca7c + 148?
-c0c934
In base 7, what is -1661 + -65302?
-100263
In base 7, what is 12230160 - 104?
12230053
In base 14, what is -6 - 7b3bd1?
-7b3bd7
In base 10, what is 86002 - 128?
85874
In base 10, what is -611 + -45557?
-46168
In base 14, what is -26ad0 + -2320?
-29010
In base 16, what is -3 + ddd072?
ddd06f
In base 12, what is 0 - 2205b2?
-2205b2
In base 14, what is 36dc03d - -3?
36dc042
In base 12, what is -1b6 + 126916?
126720
In base 7, what is 35 + -45414542?
-45414504
In base 16, what is c + -154dc?
-154d0
In base 3, what is 10012121 - 10011021?
1100
In base 16, what is -a - -1a258?
1a24e
In base 6, what is -3 - 24330142?
-24330145
In base 6, what is 4030423 - -154?
4031021
In base 2, what is 110011001 + 100110101110?
101101000111
In base 2, what is -101000100110000111001 - 111?
-101000100110001000000
In base 11, what is -505718 - -31?
-505697
In base 12, what is -5562620 - 6?
-5562626
In base 13, what is 25330 - 6?
25327
In base 15, what is 1e + -34c868?
-34c849
In base 12, what is -4762b95 - 5?
-4762b9a
In base 11, what is 18805 + -2454?
16361
In base 2, what is 10 - 1101110010111000001101101?
-1101110010111000001101011
In base 13, what is -5 - -953a9b2?
953a9aa
In base 13, what is -1 - -828bb0?
828bac
In base 11, what is -52669 - 61?
-5271a
In base 8, what is -12 + 4135267?
4135255
In base 4, what is -202220322132 - 0?
-202220322132
In base 15, what is -1b9 + -12e8c?
-13156
In base 8, what is -1112 + -12324?
-13436
In base 3, what is -102000000 + -202220022?
-1011220022
In base 10, what is -721860 - 86?
-721946
In base 10, what is -695835 + 3?
-695832
In base 11, what is 1 - -33451534?
33451535
In base 13, what is 2964106 + -5?
2964101
In base 4, what is -11 + 30233023221221?
30233023221210
In base 8, what is 2057 + 37704?
41763
In base 15, what is 140 - e7b3?
-e673
In base 5, what is -240411 + -40042?
-331003
In base 13, what is -269c - -4a0?
-21cc
In base 4, what is -33 - -113011030?
113010331
In base 15, what is 298 + 3868?
3b11
In base 5, what is -4 - 1103020120?
-1103020124
In base 5, what is 33 + -413330130?
-413330042
In base 16, what is -2c8c0 - -17?
-2c8a9
In base 7, what is -316353 + 5106?
-311244
In base 11, what is 25a - -57340?
5759a
In base 11, what is -5 - -728731?
728727
In base 15, what is 17a + 21a61?
21bdb
In base 16, what is 10749 + -94?
106b5
In base 8, what is -3 - -666532607?
666532604
In base 7, what is -14600456360 + 3?
-14600456354
In base 10, what is -5 + 5220999?
5220994
In base 2, what is 1011 - -10000110100011101100110?
10000110100011101110001
In base 9, what is 2462 + -4227?
-1655
In base 3, what is 210222111101 - -11111?
210222122212
In base 2, what is 101010 - -1101001001001110000011?
1101001001001110101101
In base 8, what is -117013024 + 14?
-117013010
In base 2, what is -11001 + 111110100101011110?
111110100101000101
In base 15, what is acb5422 + -3?
acb541e
In base 13, what is 526676b0 - 5?
526676a8
In base 3, what is 200212 - -201021010120?
201021211102
In base 15, what is -26de - -1944?
-c9a
In base 2, what is 1000100110 - 1101100101001110010?
-1101100100001001100
In base 2, what is 111101010100100 + -10111101000010?
100101101100010
In base 12, what is -a37653 + -157?
-a377aa
In base 4, what is -20012223 + 1233?
-20010330
In base 7, what is -22360504322 + 5?
-22360504314
In base 6, what is -231 + -1511203?
-1511434
In base 16, what is -1ed8cf44 + -1?
-1ed8cf45
In base 4, what is -1123201 - 1122?
-1130323
In base 6, what is 5214152 - 10?
5214142
In base 4, what is 11202131021 + 0?
11202131021
In base 6, what is 1 + -41355055?
-41355054
In base 8, what is 40 - 7556?
-7516
In base 5, what is 10 + 2113023320?
2113023330
In base 7, what is -21505560 + -30?
-21505620
In base 3, what is -11000022200212 + -101?
-11000022201020
In base 14, what is 4 + 4b755c?
4b7562
In base 13, what is 52118b8 + 2?
52118ba
In base 6, what is -3 - 1442121400?
-1442121403
In base 10, what is -23116 + 10361?
-12755
In base 14, what is -22a + -da13?
-dc3d
In base 9, what is 133 - -1743407?
1743541
In base 7, what is -36526362 - -10?
-36526352
In base 7, what is -365640 - 2?
-365642
In base 13, what is 1 + -12296233?
-12296232
In base 5, what is 331334002 + -42?
331333410
In base 8, what is 10 - -13032110?
13032120
In base 7, what is 406555201 - -4?
406555205
In base 16, what is -a54 - 22b?
-c7f
In base 13, what is 3 - -109949b?
10994a1
In base 14, what is -1 + -89c739?
-89c73a
In base 15, what is -18 - -67d23?
67d0a
In base 9, what is 4 + -23658388?
-23658384
In base 10, what is -70887617 + 7?
-70887610
In base 3, what is 210022211211 - 10212?
210022200222
In base 13, what is 0 + -8ca3a04?
-8ca3a04
In base 9, what is 1 + -1275640?
-1275638
In base 13, what is -c + -1763b6?
-1763c5
In base 10, what is -112987 + 83?
-112904
In base 4, what is -202012303223 + -3?
-202012303232
In base 12, what is -3719 + -442b?
-7b48
In base 7, what is 110034340 + 0?
110034340
In base 16, what is -37dc9b1 + 1?
-37dc9b0
In base 9, what is -11572055 + -8?
-11572064
In base 16, what is aa58f - -1?
aa590
In base 2, what is 1 + 111100010000001101000?
111100010000001101001
In base 10, what is -393988 + -31?
-394019
In base 6, what is -3123 - -212250?
205123
In base 2, what is -1010010010 - 11011010101101?
-11100100111111
In base 11, what is 13a + -246506?
-246377
In base 7, what is -220414 - -4335?
-213046
In base 3, what is -1120021 - 112121010?
-121011101
In base 7, what is -32 + 1123?
1061
In base 6, what is 4300 - -1324320?
1333020
In base 8, what is -316114 + -7?
-316123
In base 15, what is 3 + -cd538b?
-cd5388
In base 10, what is 8083 - -640?
8723
In base 11, what is -28 - 11148638?
-11148665
In base 15, what is 47 - 1660a4?
-16605c
In base 2, what is -11110110011010111010 - -10?
-11110110011010111000
In base 2, what is -101010100011 - -100110101010011?
100001010110000
In base 16, what is 2 - 1cd1162?
-1cd1160
In base 6, what is 115425 + -45405?
30020
In base 15, what is -121c547 + -2?
-121c549
In base 6, what is -113254 + -1424?
-115122
In base 8, 